10*n + 8. Let p = 18 + -25. Let b be u(p). Suppose v = -2*v + b. What are the prime factors of v?
2, 3
Let g(h) = h. Let p(u) = 2*u + 3. Let i(x) = -g(x) + p(x). Let y be i(-8). List the prime factors of ((-16)/(-5))/((-2)/y).
2
Let b = -9 - -13. Let o = -3 + b. Let h = o - -2. List the prime factors of h.
3
Let q(a) = a**3 + 3*a**2 - 2*a - 2. Let n be q(-3). Let u = 13 + -8. Suppose n = -u*s + 74. List the prime factors of s.
2, 7
Let c be ((-12)/(-18))/((-1)/(-3)). Suppose 10 = -c*i, -4*j + 2*j = -4*i + 38. Let q = -18 - j. List the prime factors of q.
11
Let y be (3/(-6))/(4/64). Let f = y + 11. What are the prime factors of f?
3
Let w(r) = 1 + 4*r + 3*r - 4*r. Let f be (-12)/(-20) + 21/15. List the prime factors of w(f).
7
Let p = -41 - -67. List the prime factors of p.
2, 13
Let k(p) = -2*p**2 - 4 + p - 2*p**2 + 0*p**2 - p**3 + 0*p**2. List the prime factors of k(-5).
2
Let v(w) = -w**3 + 4*w + 9*w - 17*w**2 + 4*w**2 + 0*w - 1. What are the prime factors of v(-14)?
13
Let n = 549 + -218. List the prime factors of n.
331
Let q = -20 + 24. Suppose 0 = -4*i - 5*l + 30, 60 = 5*i - l - q*l. List the prime factors of i.
2, 5
Let m be 0*((-2)/(-4))/(-1). Let b be m - -2 - 0/2. Suppose -b*g + 6 = g. What are the prime factors of g?
2
Suppose -25*r + 30*r = 1265. List the prime factors of r.
11, 23
Suppose -5*r - 15 = 8*a - 3*a, a + 1 = -2*r. Let n(k) = 3*k**r + 14*k - 17*k + 2 - k**2. List the prime factors of n(2).
2
Suppose 2*c + 10 = 4. Suppose 27 - 3 = 4*q. Let f = q + c. What are the prime factors of f?
3
Let q be (-157)/((-1)/(3 - 2)). Suppose -8 - q = -5*b. List the prime factors of b.
3, 11
List the prime factors of (-348)/(-10)*-3*15/(-18).
3, 29
Let g = 6 - 1. Suppose 4*m - w = -m + 26, 2*m - 32 = -g*w. What are the prime factors of m?
2, 3
Let c(h) = 5*h**2 + 15*h + 11. List the prime factors of c(-6).
101
Let k be 3 + (-2 - (-48)/3). Let c = k + -6. List the prime factors of c.
11
Let p be 14*-1*2/(-7). Suppose p = c - 4. What are the prime factors of c?
2
What are the prime factors of 40 - -1*(0 - -4)?
2, 11
Let j(p) = 4*p**2 + 1. List the prime factors of j(3).
37
Let g(j) = 4*j - 5*j**2 + 7*j**2 + 0 + 6. Let x(y) = -2*y + 6. Let a be x(5). What are the prime factors of g(a)?
2, 11
Let n(x) = -x**3 - 4*x**2 - 2*x + 1. Let q be n(-4). Suppose -4*v + 10 = 2. Suppose v*k - 5 = q. What are the prime factors of k?
7
Let x = -111 + 177. Suppose -2*y - x = -4*l, 0*l - 3*y - 14 = -l. List the prime factors of l.
17
Suppose 0 = -2*f + 4*v - 1 + 13, -f + v = -4. Let h(w) = 5*w**f + w**2 + w**3 - 7 + 1 - 2*w. List the prime factors of h(-6).
2, 3
Let h = -395 + 560. List the prime factors of h.
3, 5, 11
Let j(o) = -8*o**3 + 2*o + 1. Let n be j(-1). Let z(x) = 2*x + 4. Let a be z(3). Let d = a - n. List the prime factors of d.
3
Suppose 5*x - 5 = 3*v, 4*x + 5*v - 3 = 1. Let z = -5 + x. What are the prime factors of (14/z)/((-3)/6)?
7
Let h = -6 - -6. Suppose h = 2*s - 10 - 6. What are the prime factors of s?
2
Let x(g) = -g**2 + 4*g + 7. Let u(z) = 1. Let j(l) = -2*u(l) + x(l). What are the prime factors of j(4)?
5
Let h = 10 - 7. Suppose -v + h = -4. What are the prime factors of v?
7
Let t = -12 - -20. Suppose -3*g - 30 = -4*z, 10 = 2*z + 4*g - t*g. List the prime factors of z.
3
Let c(i) = -i**2 - 6*i - 3. Suppose 4*n - 3 = -23. Let r be c(n). Suppose 0 = -3*l + 5*h + 70, 3*h + r*h - 10 = -l. List the prime factors of l.
2, 5
What are the prime factors of ((-12)/2)/((-8)/204 + 0)?
3, 17
Suppose 5*j + 6 = 21. List the prime factors of 9/(-6)*(-6)/j.
3
Suppose -4*s = s. Suppose s = -m + 2*m - 3*u - 43, 2*u = -4*m + 228. Suppose m = 5*w + 10. List the prime factors of w.
3
Let f(s) = s**2 - 9*s + 9. Let a be f(8). Let r(v) = 6*v**3 + 2*v + 3. Let k(z) = -5*z**3 - 3*z - 4. Let d(n) = 2*k(n) + 3*r(n). List the prime factors of d(a).
3
Let x = -17 - -61. What are the prime factors of x?
2, 11
Let k = 2 - 9. Let o = 6 - k. What are the prime factors of o?
13
Suppose 6 = -6*d + 9*d. What are the prime factors of 0 + 14 + 0 + d?
2
Suppose 11 = 4*z - 53. Suppose -3*u = 3*t - 21, -2 = t - 4. Suppose -d = -u*d + z. What are the prime factors of d?
2
Let w be ((-26)/(-4))/(2/(-4)). Let r(l) = -l**3 - 12*l**2 + 14*l + 16. What are the prime factors of r(w)?
3
Let g = 2 - 0. Suppose 12 = -4*k, g*t + 4*k - k = -5. List the prime factors of (-2)/(-4)*t + 4.
5
Suppose 2*k = -0 + 10. Let o be 3 - ((-4)/(-2) - -4). Let y = o + k. List the prime factors of y.
2
Suppose 0 = -4*h - 246 + 886. List the prime factors of h.
2, 5
Suppose -2*i - 4*z = -202, -i - 4*z = 13 - 120. List the prime factors of i.
5, 19
Let b = 8 - -8. Suppose -5*d - 17 = 4*x - 3*x, -x + 5*d + 23 = 0. Suppose -u + b = x*u. List the prime factors of u.
2
Let l = -45 - -29. Let v be (-1)/3 - l/12. List the prime factors of v*-2*(-1 + -1).
2
Let r(v) = v**2 - 6*v + 2. Let n be r(3). Let f = -7 - n. Let a = f + 12. What are the prime factors of a?
2, 3
Let w = -24 + 31. Let a(d) = d**3 - 7*d**2 + 3*d - 10. List the prime factors of a(w).
11
Let k = 21 + -15. Suppose a + a - k = 0. List the prime factors of a.
3
Let z = -151 + 239. Suppose 3*t + z = 2*i, 0*i - t - 80 = -2*i. What are the prime factors of i?
2, 19
Suppose -3*a + 477 = 4*s, -5*s - 109 = -3*a - 685. What are the prime factors of s?
3, 13
Let h be (-6)/(3/(-6) - -2). What are the prime factors of -1*(-4 - h) + 12?
2, 3
Suppose 0*t - 750 = -6*t. List the prime factors of t.
5
Suppose 5*q = 5*y + 170, 25 + 13 = 2*q + 4*y. Let x = -2 - -43. Let n = x - q. What are the prime factors of n?
2, 3
Let t(w) = -w**3 + 16*w**2 - 14*w + 20. Let u be t(15). Let y be (-3)/(3/4)*3. Let j = y + u. List the prime factors of j.
23
Let n be -1 + 1 + (-4 - -24). Let q(g) = g**2 - 8*g + 9. Let m be q(7). Suppose 0*r - m*r = -n. What are the prime factors of r?
2, 5
Let d = 9 + -7. Suppose -3*p + 8 = 2*j, -2*j = -j - d*p - 11. What are the prime factors of 153/21 + (-2)/j?
7
Let j = 83 - 57. What are the prime factors of j?
2, 13
Suppose -4*k - 2 - 2 = 0. Let m(w) be the second derivative of -5*w**3/3 + w. List the prime factors of m(k).
2, 5
Let y be (-48)/(-9)*3/2. Suppose 0 = -d - 3 + y. Suppose -5*k - 3*l + 97 = l, 4*k + d*l = 74. List the prime factors of k.
3, 7
Let y be -2 + 6/4*2. List the prime factors of 9 - y*(2 + -2).
3
Suppose 2*v + 5 + 5 = -h, -2*v = -2*h - 14. List the prime factors of 466/12 + h/(-48).
3, 13
List the prime factors of (-92)/12*-3 + 0.
23
Suppose 0*x = x. Let g(i) = -2 + x + 5*i + i. List the prime factors of g(2).
2, 5
Let x be 16/(-7) + (-4)/(-14). List the prime factors of (-500)/(-16) - x/(-8).
31
Let g = 21 + -18. Suppose -3*p - 18 = -3*d, -3*d - d = 3*p - g. List the prime factors of d.
3
Suppose 0 = 4*m - 12 + 4. Suppose -x + 5 = -m. List the prime factors of x.
7
Let x(q) = q**2 - 4*q - 8. Let z be x(6). Suppose -80 - 52 = -z*v. What are the prime factors of v?
3, 11
Suppose z - 17*g + 20*g - 308 = 0, 3*g = 3. What are the prime factors of z?
5, 61
Suppose 6*t - 5*t + 10 = 0. What are the prime factors of (t - -1)/((-6)/20)?
2, 3, 5
Suppose 3*y - 4 - 116 = 0. List the prime factors of y.
2, 5
Let w be 11/3 + 1/3. Suppose 3*k - 5*n + 5 = k, 4*k + w*n = 4. Suppose -l = x - k*x - 16, 0 = 4*x. What are the prime factors of l?
2
Let l = -2 - 3. Let x(y) = -3*y + 1. List the prime factors of x(l).
2
Let w = -5 - -13. What are the prime factors of w?
2
Let w be 3/((-3)/2) - -2. List the prime factors of w/2 - (-13)/1.
13
Let w be (-18)/(-15)*10/3. Suppose 0 = -5*c - w*u + 95, 6*c + 5*u - 85 = 2*c. List the prime factors of c.
3, 5
Let i = 103 + -67. List the prime factors of i.
2, 3
Suppose 0 = -3*s + 4*o + 336, 0 = -2*s - 5*o + 15 + 209. Suppose -5*z = 20, 4*z = 5*r - r - s. What are the prime factors of r?
2, 3
Let b(m) = -m**3 - 11*m**2 + 12*m + 4. What are the prime factors of b(-12)?
2
Suppose -2*j = -0*j - 312. List the prime factors of j.
2, 3, 13
Suppose -2*v + 5*j - 33 = -10, j + 1 = -v. Let n = 4 + v. Suppose -2*a + 22 + 4 = n. List the prime factors of a.
13
Let d(c) = -27*c + 1. Let q be 3/2*(-8)/12. What are the prime factors of d(q)?
2, 7
Let h = 8 - 16. Let r = h + 16. What are the prime factors of r?
2
Let h = 548 + -267. What are the prime factors of h?
281
Suppose 0 = r - 4*r - 4*j + 4, 2*r + 4*j - 4 = 